f) = -5*f - 39. Give w(-6).
-9
Let y(p) = p**3 + 26*p**2 + 49*p + 42. Give y(-24).
18
Let f(a) = -a**3 - a**2 + a. Determine f(-1).
-1
Let z(w) = -w**3 + 5*w**2 - 4*w - 1. Give z(4).
-1
Let y(b) = 28*b + 135. Determine y(-5).
-5
Let o(b) = -6*b + 5. Determine o(5).
-25
Let d(f) = -f**2 - 3*f + 9. Calculate d(-4).
5
Let k(a) = 3*a - 12. Determine k(6).
6
Let c(d) = 9*d**2 - 2*d + 1. Determine c(1).
8
Let r(i) = 32*i - 1. Determine r(-1).
-33
Let v(t) = t**3 + 9*t**2 + 7*t - 24. Determine v(-8).
-16
Let t(l) = -l**2 + 8*l + 6. Give t(8).
6
Let a(y) = -5*y - 13. Determine a(-5).
12
Let q(s) = s**3 + 2*s**2 - 2*s - 5. What is q(-3)?
-8
Let t(x) = x**3 + 4*x - 3. Calculate t(2).
13
Let q(z) = 10*z + 278. What is q(-27)?
8
Let i(p) = -p**3 + 9*p**2 + 11*p - 7. Give i(10).
3
Let m(l) = l**2 + 26*l - 81. Give m(-27).
-54
Let r(j) = -5*j**2 + j + 1. Determine r(-1).
-5
Let x(r) = -r - 74. Give x(21).
-95
Let d(c) = -3*c + 2. What is d(4)?
-10
Let z(r) = -r**3 - 11*r**2 - 4*r - 12. Calculate z(-11).
32
Let r(m) = -m**3 + 6*m**2 - 7*m. Determine r(3).
6
Let b(r) = 12*r**3 + 1. Calculate b(1).
13
Let x(d) = -7*d - 38. Give x(-8).
18
Let l(o) = 2*o + 16. What is l(-7)?
2
Let t(r) = -3*r - 6. Calculate t(-8).
18
Let c(p) = 5*p - 36. Calculate c(9).
9
Let d(a) = 3*a. Give d(5).
15
Let i(a) = -a**3 - a**2 + 15*a - 17. Give i(-5).
8
Let k(d) = 2*d**2 - 32*d - 36. Calculate k(17).
-2
Let p(j) = j - 11. What is p(7)?
-4
Let k(j) = -14*j + 188. Determine k(13).
6
Let s(i) = 2*i**3 + 6*i**2 + 3*i + 10. Determine s(-4).
-34
Let n(w) = -4*w + 37. Calculate n(8).
5
Let d(n) = -4*n + 69. Give d(19).
-7
Let t(r) = 4*r**2 + 3*r - 1. Give t(-3).
26
Let d(r) = -r + 4. What is d(11)?
-7
Let t(f) = -f**2 - 8*f + 11. Determine t(-11).
-22
Let p(b) = -20*b**3. Calculate p(1).
-20
Let h(p) = p**2 - 8*p - 65. What is h(11)?
-32
Let k(c) = -4*c**2 + 3*c + 2. What is k(-1)?
-5
Let y(f) = f**2 - 18*f + 20. What is y(18)?
20
Let f(z) = z**2 + 16*z + 14. Give f(-15).
-1
Let f(m) = -m**2 + 6*m - 6. What is f(0)?
-6
Let d(r) = -2*r**2 + 54*r + 46. What is d(28)?
-10
Let w(a) = a**2 - 3*a - 15. Give w(-2).
-5
Let t(k) = -k**2 + 36*k - 249. What is t(27)?
-6
Let i(b) = -2*b**2 + 21*b + 15. Give i(11).
4
Let n(t) = -t**3 + 10*t**2 - 18*t + 8. Give n(8).
-8
Let n(a) = a + 17. What is n(-5)?
12
Let a(n) = n**2 - 3*n + 6. Give a(5).
16
Let g(l) = 9*l + 3. Determine g(2).
21
Let l(a) = 2*a**2 + 37*a - 8. What is l(-19)?
11
Let w(r) = r**2 + 38*r + 330. Calculate w(-20).
-30
Let c(j) = -9*j**2 - 3*j - 3. Calculate c(-2).
-33
Let o(l) = -l**3 + 7*l**2 - 8*l + 10. Calculate o(7).
-46
Let o(m) = -36*m + 1. Calculate o(-2).
73
Let l(j) = -j**3 + 32*j**2 - 2*j + 48. Determine l(32).
-16
Let z(q) = q**2 - 5*q - 76. Give z(-7).
8
Let r(d) = 73*d**3 + d**2 + d - 1. Give r(1).
74
Let d(y) = -y**2 + y - 6. Determine d(6).
-36
Let n(u) = -u**2 + 20*u + 14. What is n(15)?
89
Let s(u) = -2*u**2 + 21*u + 9. What is s(12)?
-27
Let l(d) = 2*d**2 + 104*d + 296. What is l(-49)?
2
Let n(t) = -2*t**2 - 7*t + 8. Give n(-5).
-7
Let t(q) = q**3 + q**2 + 5*q - 17. What is t(3)?
34
Let p(v) = 379*v - 377. Give p(1).
2
Let h(p) = -p**3 + 8*p**2 - 6*p - 1. What is h(7)?
6
Let l(g) = -11*g - 14. Calculate l(-5).
41
Let n(h) = 4*h**2 - 4. Determine n(-3).
32
Let x(q) = q**3 + 27*q**2 + 26*q - 4. Calculate x(-26).
-4
Let s(z) = -24*z + 97. Calculate s(4).
1
Let o(v) = -v**3 - 12*v**2 - 11*v. Give o(-11).
0
Let y(l) = 3*l**3 + 18*l**2 - l + 12. Calculate y(-6).
18
Let a(m) = m**3 - 13*m**2 - 4*m + 56. Determine a(13).
4
Let u(n) = n**3 - n**2 + n. Determine u(1).
1
Let b(q) = q**2 - q - 9. What is b(-3)?
3
Let x(h) = h**3 + 17*h**2 - 38*h - 28. Give x(-19).
-28
Let d(y) = y**3 + 18*y**2 + 31*y + 12. Calculate d(-16).
28
Let u(w) = 5*w**2 - 2*w + 1. What is u(1)?
4
Let f(k) = -3*k + 4. What is f(6)?
-14
Let p(l) = 2*l**3 + 14*l**2 + l + 5. Determine p(-7).
-2
Let m(p) = -p**2 - 5*p + 7. What is m(-7)?
-7
Let n(k) = -3*k**2 + 37*k + 25. Give n(13).
-1
Let r(h) = -h**2 + 6*h - 3. Give r(4).
5
Let z(k) = 11*k - 1. Calculate z(3).
32
Let c(d) = 2*d**2 + 10*d + 25. Calculate c(-10).
125
Let u(o) = o**3 - 5*o**2 + 5*o + 1. Calculate u(4).
5
Let b(x) = -x**2 - 8*x + 93. What is b(-14)?
9
Let j(y) = 6*y. Give j(-1).
-6
Let v(d) = -7*d - 165. Determine v(-25).
10
Let s(a) = 2*a - 10. Determine s(0).
-10
Let c(s) = -29*s**2 - 2*s - 1. Determine c(-1).
-28
Let z(d) = d**3 + 7*d**2 - 43*d - 122. What is z(-10)?
8
Let y(g) = -g**3 - 4*g**2 + 7*g + 22. Calculate y(-2).
0
Let x(v) = -2*v**3 - 2*v**2 + 4*v + 3. Calculate x(-4).
83
Let t(r) = r**3 - 13*r**2 + 23*r - 4. Calculate t(11).
7
Let b(j) = j**2 + 11*j + 22. Determine b(-7).
-6
Let m(y) = -y**2 - 6*y + 4. Calculate m(-6).
4
Let v(w) = -106*w + 441. Calculate v(4).
17
Let b(d) = d**3 + 5*d**2 - 4. Calculate b(-5).
-4
Let x(j) = j + 14. Determine x(-5).
9
Let m(j) = 45*j - 715. What is m(16)?
5
Let n(h) = 4*h + 46. What is n(-15)?
-14
Let h(n) = n**3 - 31*n**2 + 106*n + 56. Give h(27).
2
Let a(j) = -4*j - 28. Give a(-11).
16
Let z(a) = a**3 - 19*a**2 + 20*a - 44. Calculate z(18).
-8
Let w(x) = 24*x + 78. What is w(-3)?
6
Let d(u) = u**2 - 31*u - 187. Determine d(36).
-7
Let k(h) = -h**2 + 2*h + 4. What is k(-3)?
-11
Let k(q) = -q - 10. Calculate k(9).
-19
Let d(b) = 2*b**3 - 2*b**2 + b. What is d(1)?
1
Let q(i) = -95*i + 89. Calculate q(1).
-6
Let c(d) = d + 8. What is c(5)?
13
Let l(g) = -10*g - 4. Determine l(-2).
16
Let w(c) = c**3 - 3*c**2 - 12*c + 12. Calculate w(4).
-20
Let d(f) = -11*f**2 - 69*f - 15. Give d(-6).
3
Let p(y) = 33*y + 2. What is p(-1)?
-31
Let n(v) = 6*v**2 - 3*v + 2. Give n(1).
5
Let o(h) = -6*h - 37. Give o(-7).
5
Let w(f) = -8*f**2. Give w(2).
-32
Let y(w) = w**2 - 2*w - 41. Give y(-5).
-6
Let n(c) = 5*c - 3. Give n(4).
17
Let t(m) = -m**3 - 10*m**2 + 12*m + 8. Determine t(-11).
-3
Let b(u) = 61*u - 4. Determine b(2).
118
Let l(q) = q**2 - 25*q + 132. Determine l(13).
-24
Let l(h) = -h**3 + 30*h**2 - 45*h - 308. Calculate l(28).
0
Let j(b) = 9*b - 5. Give j(-5).
-50
Let b(u) = -4*u - 22. What is b(10)?
-62
Let d(u) = u**2 - 3*u - 16. What is d(3)?
-16
Let p(z) = 7*z - 88. What is p(12)?
-4
Let w(s) = s**3 - 5*s**2 + 3*s. Calculate w(2).
-6
Let v(d) = -4*d - 86. What is v(-19)?
-10
Let u(z) = -z**3 - 10*z**2 - 10*z + 2. Give u(-9).
11
Let g(c) = -3*c**2 - 15*c + 4. Determine g(-6).
-14
Let j(p) = 5*p - 144. Determine j(30).
6
Let r(k) = 13*k**2 - k + 1. Give r(-2).
55
Let k(o) = o**3 + 10*o**2 + 8*o + 10. Determine k(-9).
19
Let n(p) = p**2 - 4*p - 28. Give n(9).
17
Let g(l) = l**2 + l + 4. Give g(0).
4
Let h(l) = 9*l + 1. Give h(2).
19
Let s(b) = -b**3 + 7*b**2 + 2*b - 7. Give s(5).
53
Let a(m) = -m**2 + 9*m + 8. Calculate a(7).
22
Let b(o) = 2*o**2 - o - 4. What is b(0)?
-4
Let p(g) = 7*g**2 - 3*g - 1. Determine p(-1).
9
Let a(d) = 3*d + 23. Calculate a(-14).
-19
Let p(z) = 5*z + 2. Determine p(-4).
-18
Let t(q) = -2*q + 20. Determine t(5).
10
Let k(z) = z - 9. Calculate k(13).
4
Let j(m) = -27*m - 82. What is j(-3)?
-1
Let l(y) = 5*y**3 + y**2 - 4*y + 3. Calculate l(2).
39
Let y(i) = 66*i + 438. Calculate y(-7).
-24
Let u(o) = 42*o - 78. Calculate u(2).
6
Let y(a) = -a**2 - 5*a - 7. Determine y(-8).
-31
Let b(f) = -f - 34. Calculate b(18).
-52
Let j(y) = y**2 - 3*y - 1. Calculate j(-2).
9
Let o(x) = 5*x**2 - x - 2. Calculate o(2).
16
Let q(y) = 2*y**2 + 35*y - 58. What is q(-19)?
-1
Let p(z) = -z**3 + 4*z**2 - 7*z + 16. What is p(2)?
10
Let y(a) = a**3 - 12*a**2 + 9*a - 16. Determine y(11).
-38
Let a(x) = -x**2 + x. Give a(2).
-2
Let n(u) = 5*u**2 + 19*u + 1. Calculate n(-4).
5
Let k(y) = y**2 + y - 20. Calculate k(5).
10
Let x(d) = d**3 + 6*d**2 + 6*d + 3. What is x(-4)?
11
Let l(o) = -o**2 - 30*o - 41. Calculate l(-29).
-12
Let z(c) = c**3 + 16*c**2 + 290. What is z(-17)?
1
Let b(m) = -m**2 - 12*m - 5. Determine b(-12).
-5
Let l(k) = k**2 - 8*k - 13. Calculate l(11).
20
Let z(j) = 4*j - 1. What is z(4)?
15
Let p(g) = g**3 + 22*g**2 + 20*g + 7. Give p(-21).
28
Let s(q) = 19*q - 2. What is s(-1)?
-21
Let z(k) = -2*k**2 - 80*k + 93. What is z(-41)?
11
Let k(s) = s**3 - 5*s**2 - 3. Calculate k(3).
-21
Let j(f) = 6*f**2 - 34*f - 10. Determine j(5).
-30
Let h(f) = f**2 + 10*f + 21. Determine h(-9).
12
Let x(w) = -w**3 + 3*w**2 + 5*w - 1. What is x(4)?
3
Let